at is the greatest common factor of j and v?
10
Let d = 17 - 14. Suppose -q - d*q + 144 = 0. Let f = -711 + 729. What is the greatest common factor of f and q?
18
Let a(d) = d**2 + 119*d - 292. Let q be a(5). Calculate the greatest common divisor of 232 and q.
8
Suppose -18*d = -16 - 1334. What is the greatest common divisor of 825 and d?
75
Suppose -2*c + 60 = -294. Let u = -86 + c. Let g = u - 49. Calculate the greatest common divisor of g and 14.
14
Let b = 6351 - 6231. Calculate the greatest common divisor of 1740 and b.
60
Suppose -3*r + 443 = -2*l + 45, 2*r - l = 265. Let b(p) = p**2 + p + 4. Let k be b(-5). What is the highest common divisor of k and r?
12
Let n = 2463 + -2313. What is the greatest common divisor of 2650 and n?
50
Suppose 4*s - 8 = -0*s. Suppose 33 = -10*x + 13. Let q be (0/s)/x - -41. What is the highest common divisor of 287 and q?
41
Suppose 4*g = -q + 178, 4*g - 811*q = -810*q + 166. What is the greatest common factor of g and 4343?
43
Suppose 2*u + 1 - 189 = 0. Suppose 4*g + n - 3*n = u, 5*g - 125 = 4*n. Calculate the greatest common factor of g and 903.
21
Suppose 939 = 4*q + 3*h, 5*q - 1284 + 118 = 4*h. Calculate the highest common divisor of 270 and q.
18
Suppose -53287 = -4*m + 5*s, 37*m - 26676 = 35*m - 4*s. Calculate the highest common factor of 408 and m.
136
Let s be (-50)/75*(-216)/9. Let g(k) = -13*k - 1. Let x be g(-5). What is the greatest common factor of s and x?
16
Suppose 0 = 4*v + 5*d - 2718 - 1533, -3*v + 3*d = -3195. Calculate the greatest common divisor of v and 280.
56
Suppose 0 = -4*w - 3*d + 6234, 3*w - 442 - 4248 = 5*d. What is the highest common divisor of 130 and w?
130
Suppose -4*h = 5*b + 16, -12 = 3*b - 0*b. Suppose -23*k + 45 = -h. Calculate the highest common factor of 122 and k.
2
Let m = 295 - 163. Let o = m + -20. Calculate the greatest common factor of o and 32.
16
Let g be 2*12/(-60) - (-702)/5. What is the greatest common divisor of 880 and g?
20
Suppose 444 = 48*c - 1716. Calculate the highest common factor of c and 2385.
45
Suppose -7*b + 2*b + 40 = 0. Suppose 5*y = 5*o - 155, -4*o + 150 = -3*y - 2*y. Let v be (y - -1)*-1 - 5. Calculate the greatest common divisor of b and v.
4
Let l(r) = 43*r. Let s be l(1). Let b(g) = -g**3 - 54*g**2 + 1385*g + 39. Let f be b(19). Calculate the highest common divisor of f and s.
1
Let v = 4623 + -4373. Calculate the greatest common factor of v and 325.
25
Let l(i) be the first derivative of -i**2/2 - 15*i + 5. Let o be l(-5). Let d = 19 - o. What is the greatest common factor of 29 and d?
29
Suppose -5*l = -2*v - 30 + 103, -3*v + 5*l = -112. Let x be 31031/806 + 1/2. What is the highest common divisor of x and v?
39
Let n = -493 + 696. Let t be (348*(-27)/216)/((-5)/(10/3)). Calculate the greatest common divisor of n and t.
29
Suppose 5*h = -2*m - 27 + 13, 0 = 2*h + 12. Suppose 41 = u - 5*s, -4*u + 61 = s + 2. Calculate the highest common factor of u and m.
8
Let h = 29061 - 18664. What is the greatest common factor of h and 148?
37
Let m be (-3)/((-3)/25) + 3. Let n(h) = -4 + 23 + m*h - 8. Let k be n(7). Calculate the highest common divisor of k and 23.
23
Let u(x) = 2*x**3 + 120*x**2 - 378*x + 5. Let l be u(-63). What is the greatest common factor of l and 3065?
5
Suppose -f - 35*d + 1819 = -32*d, -3638 = -2*f - 5*d. What is the greatest common divisor of f and 321?
107
Suppose 2*a - 4*a - 11 = 3*i, 5*i + 35 = 5*a. Let m(n) = -n**2 - 6*n + 22. Let c be m(i). What is the highest common divisor of c and 36?
9
Suppose 519*p - 516*p - 210 = 0. Suppose p*h - 72*h = -198. What is the greatest common factor of 27 and h?
9
Suppose -3*k = -b + 1651, 3*k + 5*b + 2269 = 606. Let p = 651 + k. Calculate the highest common divisor of p and 25.
25
Let f = 14885 + -12795. What is the highest common divisor of 66 and f?
22
Let k = -321 - -538. Suppose 4*x - 56 = 2*v, -6*v - 70 = -5*x - v. Calculate the highest common divisor of x and k.
7
Suppose -11*p = -n - 4932, -n - 1348 = -3*p - 0*n. Calculate the greatest common factor of p and 24.
8
Suppose 12*j - 7 = 17. Suppose -18*d + 4160 = -j*d. Calculate the highest common factor of d and 104.
52
Suppose 6 + 6 = -2*d. Let a be ((-2)/d + (-4)/(-6))*55. Let m = a + -24. What is the greatest common divisor of m and 31?
31
Suppose -49*z + 10015 = 1979. What is the greatest common factor of z and 369?
41
Suppose -4*v - 17*j = -20*j - 1026, -4*v + 4*j + 1020 = 0. What is the highest common divisor of 348 and v?
87
Suppose -g - g + 169 = -3*r, 3*g + r = 226. Let c be 3*(-13)/(-26)*44. Calculate the highest common factor of c and g.
11
Suppose 36*q = 11*q + 1750. Let a = 1104 - 474. Calculate the highest common factor of a and q.
70
Let m be (-1)/(-4) - (-152)/32. Suppose -125 = m*q - 0*q. Let f = q + 52. Calculate the greatest common factor of 3 and f.
3
Let d(s) = -15*s**2 - 6*s - 43. Let q(b) = -7*b**2 - 4*b - 21. Let w(h) = -6*d(h) + 13*q(h). Let x be w(-10). What is the greatest common factor of x and 15?
15
Let s be 7 - (-6 - 1 - 130). Suppose s = 5*c + 4*i + 29, 0 = -5*i + 25. Calculate the highest common divisor of c and 152.
19
Suppose -5*b - 495 + 5070 = 0. Let a = -771 + b. What is the highest common factor of 648 and a?
72
Let l be ((-89)/(-4))/(278/47816). What is the greatest common divisor of l and 445?
89
Let n = -1111 + 1411. What is the greatest common divisor of 276 and n?
12
Let i(n) = 2*n**2 + 17*n - 327. Let h be i(11). What is the greatest common divisor of h and 357?
51
Let p = -20389 - -32644. Calculate the highest common factor of 57 and p.
57
Let y be (40/(-4))/(2/(-88)). What is the highest common divisor of 740 and y?
20
Let y be 5773/4 - (8 + -2)/24. Let r = y - 829. Suppose r - 38 = 9*m. Calculate the greatest common divisor of 96 and m.
32
Let v(k) = -13*k + 400. Let r be v(0). Calculate the highest common divisor of r and 360.
40
Let d(w) = 7*w**2 - 74*w - 166. Let q be d(13). What is the highest common divisor of q and 27060?
55
Let j = -224 - -151. Let k = 79 + j. Let g(c) = 6*c**2 - 2*c + 4. Let t be g(k). What is the highest common factor of 26 and t?
26
Let h = -2 - 4. Let z be h*-4*3/18. Suppose -z*a = 4, 4*c - 115 = 2*a + a. What is the highest common factor of c and 4?
4
Let l be (-4 + 0)/((-3)/9). Let t be (258/4)/(9/l). What is the highest common factor of t and 215?
43
Suppose 55808*j + 243082 = 55828*j + 50682. Calculate the greatest common factor of 148 and j.
148
Suppose -3021 = -45*y + 9804. Let q be -3*((-4 - -2) + -3). Calculate the greatest common factor of q and y.
15
Suppose 0 = -303*r + 69*r + 8892. What is the greatest common factor of 6802 and r?
38
Let z be (-3)/2*(-14)/(-3). Let c(y) = y + 51. Let w be c(z). Calculate the greatest common divisor of 55 and w.
11
Let h = 15418 - 15121. What is the greatest common divisor of 7227 and h?
99
Let q(v) = -7*v + 8*v + v**3 + 2*v - 6*v - 36 + 12*v**2. Let m be q(-12). Suppose m = 5*i - 86 - 14. Calculate the greatest common factor of i and 10.
10
Let g = -223 - -230. Suppose g*b = 9*b - 8. Suppose 3*i - 4 - 20 = 0. What is the greatest common factor of b and i?
4
Suppose -29*y = -40*y + 3190. Suppose -p = -4*g + y, -64 = -3*g + 2*p + 156. Calculate the highest common divisor of g and 4.
4
Let h be (-45)/(-9) + (-6)/4*(-12 - -10). Calculate the greatest common factor of 3016 and h.
8
Let m(z) = 893*z**2 - 5*z + 3. Let l be m(1). What is the highest common divisor of l and 44?
11
Suppose -b - 89 = -5*d, -d + 3*b - 1 = -16. Calculate the highest common factor of d and 48.
6
Let t(x) = x**3 - 13*x**2 + 7*x - 4. Let m be t(12). Let b be 12 + -13 + 7 - m. Let r be 26 + -4*(-1)/2. What is the highest common factor of r and b?
14
Let u(j) = -2*j**3 + 6*j**2 + 9*j + 18. Let z be u(6). Let v be 35*(-6 + z/(-21)). Calculate the greatest common divisor of v and 810.
30
Let a = -6158 - -6172. Suppose h + 476 = 5*h. What is the greatest common factor of h and a?
7
Suppose 4*n - 4 = -4*h, 2*h - 6 = 5*n - 25. Suppose n*d + 371 = 488. Calculate the greatest common factor of d and 624.
39
Suppose 0 = -5*m - 9*z + 14*z + 280, 4*z = -8. Calculate the highest common divisor of m and 22.
2
Let o be -14*(414/(-36) - -14)*(-36)/15. Calculate the greatest common divisor of o and 3024.
84
Suppose 4*r - 8*r - 4*i = -52, -4*r + i + 37 = 0. Le